{"id":228,"date":"2024-10-08T16:17:36","date_gmt":"2024-10-08T14:17:36","guid":{"rendered":"https:\/\/gembla.sytes.net\/?page_id=228"},"modified":"2025-03-03T12:00:59","modified_gmt":"2025-03-03T11:00:59","slug":"introduccion","status":"publish","type":"page","link":"https:\/\/shivaya.eu\/introduccion\/","title":{"rendered":"Introducci\u00f3n"},"content":{"rendered":"\n<figure class=\"wp-block-audio\"><audio controls src=\"https:\/\/shivaya.eu\/wp-content\/uploads\/2024\/11\/ParaGemma.mp3\" autoplay loop><\/audio><\/figure>\n\n\n<div class=\"wp-block-image wp-block-image size-medium\">\n<figure class=\"alignleft\"><img loading=\"lazy\" decoding=\"async\" width=\"300\" height=\"300\" src=\"https:\/\/shivaya.eu\/wp-content\/uploads\/2024\/11\/gemma2-300x300.jpg\" alt=\"\" class=\"wp-image-449\" srcset=\"https:\/\/shivaya.eu\/wp-content\/uploads\/2024\/11\/gemma2-300x300.jpg 300w, https:\/\/shivaya.eu\/wp-content\/uploads\/2024\/11\/gemma2-150x150.jpg 150w, https:\/\/shivaya.eu\/wp-content\/uploads\/2024\/11\/gemma2-768x768.jpg 768w, https:\/\/shivaya.eu\/wp-content\/uploads\/2024\/11\/gemma2.jpg 1000w\" sizes=\"auto, (max-width: 300px) 100vw, 300px\" \/><\/figure>\n<\/div>\n\n\n<p>&nbsp;<\/p>\n\n\n\n<p>Este lugar web es en recuerdo de alguien muy especial. Se fu\u00e9 en 2023 y su recuerdo perdurar\u00e1.<\/p>\n\n\n\n<p>Fueron muchas las personas que disfrutaron de conocerla, de acceder a su paz y amistad.<\/p>\n\n\n\n<p>Ella siempre pon\u00eda a los dem\u00e1s por delante de ella, siempre se preocupaba por todos.<\/p>\n\n\n\n<p>Se dedic\u00f3 a cuidar a los dem\u00e1s, con el <a href=\"https:\/\/gembla.sytes.net\/index.php\/2024\/09\/28\/clases-de-yoga\/\">Yoga<\/a>, con el Reiki, &#8230;, y con su amor por todos.<\/p>\n\n\n\n<p>Conoci\u00f3 a mucha gente, tuvo (tiene) hijos, nietos, &#8230;<\/p>\n\n\n\n<p>Y yo tuve la suerte de conocerla, de ser su pareja, de casarme con ella, de compartirla durante varios a\u00f1os. Lo pasamos muy bien, nos re\u00edamos juntos, viaj\u00e1bamos lo que pod\u00edamos, disfrut\u00e1bamos de la vida lo que pudimos.<\/p>\n\n\n\n<p>Y tambi\u00e9n tuve la suerte de aprender con ella y de ella. Habl\u00e1bamos de la vida, del amor, del m\u00e1s all\u00e1, de la compa\u00f1\u00eda y la <span style=\"color: #0000ff;\"><a style=\"color: #0000ff;\" href=\"https:\/\/shivaya.eu\/introduccion\/la-soledad\/\">soledad<\/a><\/span>, de proyectos e ilusiones, &#8230; hasta que un d\u00eda el c\u00e1ncer se la llev\u00f3.<\/p>\n\n\n\n<p>Pero aprend\u00ed cosas con ella, y aunque la sigo y la seguir\u00e9 echando en falta cada momento, quiero ir poniendo aqu\u00ed todo lo que se me ocurre, muchas cosas de lo que habl\u00e1bamos, otras de lo que se me ocurre (ahora tengo mucha soledad para pensar), y de lo que quiero compartir con cualquiera que lo desee.<\/p>\n\n\n\n<p>Por eso, disfrutad de todo lo que hay e ir\u00e1 habiendo aqu\u00ed.<\/p>\n\n\n\n<p>Siempre te amar\u00e9 y siempre te recordar\u00e9, <strong>Gemma<\/strong>.<\/p>\n\n\n\n<p>BFE.<\/p>\n","protected":false},"excerpt":{"rendered":"<p>&nbsp; Este lugar web es en recuerdo de alguien muy especial. Se fu\u00e9 en 2023 y su recuerdo perdurar\u00e1. Fueron muchas las personas que disfrutaron de conocerla, de acceder a&hellip;<\/p>\n","protected":false},"author":3,"featured_media":0,"parent":0,"menu_order":0,"comment_status":"closed","ping_status":"closed","template":"","meta":{"footnotes":""},"class_list":["post-228","page","type-page","status-publish","hentry"],"_links":{"self":[{"href":"https:\/\/shivaya.eu\/introduccion\/wp-json\/wp\/v2\/pages\/228","targetHints":{"allow":["GET"]}}],"collection":[{"href":"https:\/\/shivaya.eu\/introduccion\/wp-json\/wp\/v2\/pages"}],"about":[{"href":"https:\/\/shivaya.eu\/introduccion\/wp-json\/wp\/v2\/types\/page"}],"author":[{"embeddable":true,"href":"https:\/\/shivaya.eu\/introduccion\/wp-json\/wp\/v2\/users\/3"}],"replies":[{"embeddable":true,"href":"https:\/\/shivaya.eu\/introduccion\/wp-json\/wp\/v2\/comments?post=228"}],"version-history":[{"count":9,"href":"https:\/\/shivaya.eu\/introduccion\/wp-json\/wp\/v2\/pages\/228\/revisions"}],"predecessor-version":[{"id":518,"href":"https:\/\/shivaya.eu\/introduccion\/wp-json\/wp\/v2\/pages\/228\/revisions\/518"}],"wp:attachment":[{"href":"https:\/\/shivaya.eu\/introduccion\/wp-json\/wp\/v2\/media?parent=228"}],"curies":[{"name":"wp","href":"https:\/\/api.w.org\/{rel}","templated":true}]}}